{"id":11921,"date":"2023-09-22T16:36:20","date_gmt":"2023-09-22T16:36:20","guid":{"rendered":"https:\/\/www.equilac.com\/hestemaelkshampoo-til-sundt-haar\/"},"modified":"2023-09-25T11:21:55","modified_gmt":"2023-09-25T11:21:55","slug":"hestemaelkshampoo-til-sundt-haar","status":"publish","type":"page","link":"https:\/\/www.equilac.com\/da\/hestemaelkshampoo-til-sundt-haar\/","title":{"rendered":"Hestem\u00e6lkshampoo til sundt h\u00e5r"},"content":{"rendered":"\n<p>Hvis du er fan af naturlig h\u00e5rpleje, kan hestem\u00e6lkshampoo v\u00e6re den perfekte l\u00f8sning for dig. Denne shampoo tilbyder en mild og effektiv rensning og pleje af dit h\u00e5r. Takket v\u00e6re dens naturlige ingredienser og pH-neutralitet beskytter det hudens naturlige beskyttelseslag og fremmer et sundt hovedbund.&#13;\n&#13;\n<\/p>\n\n<p>Denne shampoo passer til folk i alle aldre og er is\u00e6r gavnlig for dem med en sensitiv hovedbund, eksem, kl\u00f8e eller sk\u00e6l. Hestem\u00e6lkshampoo kan forbedre h\u00e5rv\u00e6kst, volumen og glans, s\u00e6rligt ved h\u00e5rtab.&#13;\n<\/p>\n\n<p>En af fordelene ved denne shampoo er, at den er fri for parabener og syntetiske konserveringsmidler. Den svier heller ikke i \u00f8jnene, hvilket sikrer en behagelig vask. For en omfattende h\u00e5rpleje kan du kombinere den med en passende balsam.&#13;\n<\/p>\n\t\t<div data-elementor-type=\"section\" data-elementor-id=\"12101\" class=\"elementor elementor-12101 elementor-12002\" data-elementor-post-type=\"elementor_library\">\n\t\t\t\t\t<section class=\"elementor-section elementor-top-section elementor-element elementor-element-934d590 elementor-section-boxed elementor-section-height-default elementor-section-height-default\" data-id=\"934d590\" data-element_type=\"section\" data-e-type=\"section\" data-settings=\"{&quot;background_background&quot;:&quot;classic&quot;}\">\n\t\t\t\t\t\t<div class=\"elementor-container elementor-column-gap-default\">\n\t\t\t\t\t<div class=\"elementor-column elementor-col-100 elementor-top-column elementor-element elementor-element-a4464de\" data-id=\"a4464de\" data-element_type=\"column\" data-e-type=\"column\">\n\t\t\t<div class=\"elementor-widget-wrap elementor-element-populated\">\n\t\t\t\t\t\t<div class=\"elementor-element elementor-element-b4bbacd elementor-widget elementor-widget-text-editor\" data-id=\"b4bbacd\" data-element_type=\"widget\" data-e-type=\"widget\" data-widget_type=\"text-editor.default\">\n\t\t\t\t<div class=\"elementor-widget-container\">\n\t\t\t\t\t\t\t\t\tOplev flere hestem\u00e6lksprodukter, herunder <a href=\"https:\/\/www.equilac.com\/da\/hestemaelkscreme-til-toer-og-foelsom-hud\/\">hestem\u00e6lkscreme<\/a> og <a href=\"https:\/\/www.equilac.com\/da\/hestemaelkspulver\/\">hestem\u00e6lkspulver<\/a>.\t\t\t\t\t\t\t\t<\/div>\n\t\t\t\t<\/div>\n\t\t\t\t\t<\/div>\n\t\t<\/div>\n\t\t\t\t\t<\/div>\n\t\t<\/section>\n\t\t\t\t<\/div>\n\t\t\n\n<p><\/p>\n\n<p>Det, der g\u00f8r den endnu mere tiltalende, er dens anbefaling til personer med seborr\u00e9isk eksem. Den kan desuden kombineres med hestem\u00e6lkskapsler for at behandle eksem indefra.&#13;\n<\/p>\n\n<p>At vaske dit h\u00e5r med hestem\u00e6lkshampoo er en fork\u00e6lelse for dit h\u00e5r og en beroligende oplevelse for din hovedbund. De beroligende egenskaber fra de naturlige ingredienser sikrer, at din hovedbund f\u00f8les afslappet. Regelm\u00e6ssig brug kan g\u00f8re dit h\u00e5r ser fyldigere og sundere ud.&#13;\n<\/p>\n\n<p>Hestem\u00e6lkshampoo er det ideelle valg, hvis du str\u00e6ber efter en sund hovedbund og skinnende h\u00e5r. Kombiner den med en passende balsam og om n\u00f8dvendigt med hestem\u00e6lkskapsler for de bedste resultater.<\/p>\n","protected":false},"excerpt":{"rendered":"<p>Hvis du er fan af naturlig h\u00e5rpleje, kan hestem\u00e6lkshampoo v\u00e6re den perfekte l\u00f8sning for dig. Denne shampoo tilbyder en mild og effektiv rensning og pleje af dit h\u00e5r. Takket v\u00e6re dens naturlige ingredienser og pH-neutralitet beskytter det hudens naturlige beskyttelseslag og fremmer et sundt hovedbund.&#13; &#13; Denne shampoo passer til folk i alle aldre og [&hellip;]<\/p>\n","protected":false},"author":1,"featured_media":11902,"parent":0,"menu_order":0,"comment_status":"closed","ping_status":"closed","template":"","meta":{"_uf_show_specific_survey":0,"_uf_disable_surveys":false,"footnotes":""},"categories":[172],"tags":[181],"class_list":["post-11921","page","type-page","status-publish","has-post-thumbnail","hentry","category-hoppemaelk","tag-related-da"],"jetpack_sharing_enabled":true,"_links":{"self":[{"href":"https:\/\/www.equilac.com\/da\/wp-json\/wp\/v2\/pages\/11921","targetHints":{"allow":["GET"]}}],"collection":[{"href":"https:\/\/www.equilac.com\/da\/wp-json\/wp\/v2\/pages"}],"about":[{"href":"https:\/\/www.equilac.com\/da\/wp-json\/wp\/v2\/types\/page"}],"author":[{"embeddable":true,"href":"https:\/\/www.equilac.com\/da\/wp-json\/wp\/v2\/users\/1"}],"replies":[{"embeddable":true,"href":"https:\/\/www.equilac.com\/da\/wp-json\/wp\/v2\/comments?post=11921"}],"version-history":[{"count":3,"href":"https:\/\/www.equilac.com\/da\/wp-json\/wp\/v2\/pages\/11921\/revisions"}],"predecessor-version":[{"id":12035,"href":"https:\/\/www.equilac.com\/da\/wp-json\/wp\/v2\/pages\/11921\/revisions\/12035"}],"wp:featuredmedia":[{"embeddable":true,"href":"https:\/\/www.equilac.com\/da\/wp-json\/wp\/v2\/media\/11902"}],"wp:attachment":[{"href":"https:\/\/www.equilac.com\/da\/wp-json\/wp\/v2\/media?parent=11921"}],"wp:term":[{"taxonomy":"category","embeddable":true,"href":"https:\/\/www.equilac.com\/da\/wp-json\/wp\/v2\/categories?post=11921"},{"taxonomy":"post_tag","embeddable":true,"href":"https:\/\/www.equilac.com\/da\/wp-json\/wp\/v2\/tags?post=11921"}],"curies":[{"name":"wp","href":"https:\/\/api.w.org\/{rel}","templated":true}]}}

Hestemælkshampoo til sundt hår

<p>Hvis du er fan af naturlig hårpleje, kan hestemælkshampoo være den perfekte løsning for dig. Denne shampoo tilbyder en mild og effektiv rensning og pleje af dit hår. Takket være dens naturlige ingredienser og pH-neutralitet beskytter det hudens naturlige beskyttelseslag og fremmer et sundt hovedbund.&#13;
&#13;
</p>

<p>Denne shampoo passer til folk i alle aldre og er især gavnlig for dem med en sensitiv hovedbund, eksem, kløe eller skæl. Hestemælkshampoo kan forbedre hårvækst, volumen og glans, særligt ved hårtab.&#13;
</p>

<p>En af fordelene ved denne shampoo er, at den er fri for parabener og syntetiske konserveringsmidler. Den svier heller ikke i øjnene, hvilket sikrer en behagelig vask. For en omfattende hårpleje kan du kombinere den med en passende balsam.&#13;
</p>
		<div data-elementor-type="section" data-elementor-id="12101" class="elementor elementor-12101 elementor-12002" data-elementor-post-type="elementor_library">
					<section class="elementor-section elementor-top-section elementor-element elementor-element-934d590 elementor-section-boxed elementor-section-height-default elementor-section-height-default" data-id="934d590" data-element_type="section" data-e-type="section" data-settings="{&quot;background_background&quot;:&quot;classic&quot;}">
						<div class="elementor-container elementor-column-gap-default">
					<div class="elementor-column elementor-col-100 elementor-top-column elementor-element elementor-element-a4464de" data-id="a4464de" data-element_type="column" data-e-type="column">
			<div class="elementor-widget-wrap elementor-element-populated">
						<div class="elementor-element elementor-element-b4bbacd elementor-widget elementor-widget-text-editor" data-id="b4bbacd" data-element_type="widget" data-e-type="widget" data-widget_type="text-editor.default">
				<div class="elementor-widget-container">
									Oplev flere hestemælksprodukter, herunder <a href="https://www.equilac.com/da/hestemaelkscreme-til-toer-og-foelsom-hud/">hestemælkscreme</a> og <a href="https://www.equilac.com/da/hestemaelkspulver/">hestemælkspulver</a>.								</div>
				</div>
					</div>
		</div>
					</div>
		</section>
				</div>
		

<p></p>

<p>Det, der gør den endnu mere tiltalende, er dens anbefaling til personer med seborréisk eksem. Den kan desuden kombineres med hestemælkskapsler for at behandle eksem indefra.&#13;
</p>

<p>At vaske dit hår med hestemælkshampoo er en forkælelse for dit hår og en beroligende oplevelse for din hovedbund. De beroligende egenskaber fra de naturlige ingredienser sikrer, at din hovedbund føles afslappet. Regelmæssig brug kan gøre dit hår ser fyldigere og sundere ud.&#13;
</p>

<p>Hestemælkshampoo er det ideelle valg, hvis du stræber efter en sund hovedbund og skinnende hår. Kombiner den med en passende balsam og om nødvendigt med hestemælkskapsler for de bedste resultater.</p>

<p>Hvis du er fan af naturlig hårpleje, kan hestemælkshampoo være den perfekte løsning for dig. Denne shampoo tilbyder en mild og effektiv rensning og pleje af dit hår. Takket være dens naturlige ingredienser og pH-neutralitet beskytter det hudens naturlige beskyttelseslag og fremmer et sundt hovedbund.&#13; &#13; Denne shampoo passer til folk i alle aldre og [&hellip;]</p>
