{"id":1390,"date":"2022-03-01T08:59:40","date_gmt":"2022-03-01T08:59:40","guid":{"rendered":"http:\/\/dev.equilac.com\/our-story\/"},"modified":"2023-10-09T08:37:12","modified_gmt":"2023-10-09T08:37:12","slug":"geschichte","status":"publish","type":"page","link":"https:\/\/www.equilac.com\/de\/geschichte\/","title":{"rendered":"Die Familiengeschichte hinter Equilac\u00ae"},"content":{"rendered":"<p>Die Geschichte von Equilac\u00ae begann 1996 auf einer Pferdezuchtfarm in Belgien.<\/p>\n<p>Als der \u00e4lteste Sohn, Bart, eine belgische Fernsehsendung \u00fcber Stutenmilch und die gesundheitlichen Vorteile sah, beschloss er, die Schule zu verlassen, als er 18 Jahre alt wurde, um seine Stutenmilchfarm mit den Pferden seiner Eltern zu er\u00f6ffnen.<\/p>\n<p>Barts Familie ist Z\u00fcchter von belgischen Warmblut-Sportpferden, und in jungen Jahren ritt er mit den Pferden seiner Eltern in Springpr\u00fcfungen.<\/p>\n<p>Im Sommer 1998, wenige Tage nach dem Schulabschluss, begann er, Pferde zu melken und frische und gefrorene Stutenmilch an Freunde, Familienmitglieder und Menschen mit gesundheitlichen Problemen zu verkaufen, die in der N\u00e4he der Farm lebten.<\/p>\n<p>Bart wusste, dass er nur Menschen, die in der N\u00e4he der Farm leben, frische <a href=\"https:\/\/www.equilac.com\/de\/stutenmilch\/\">Stutenmilch<\/a> anbieten konnte, da frische Stutenmilch eine kurze Haltbarkeit von 3 Tagen hat.<\/p>\n<p>Er \u00fcberlegte, wie er sein Gesch\u00e4ft ausbauen und mehr Menschen Zugang zu Stutenmilch verschaffen k\u00f6nnte, damit auch sie von seinem einzigartigen Produkt profitieren k\u00f6nnen.<\/p>\n<p><img fetchpriority=\"high\" decoding=\"async\" src=\"http:\/\/www.equilac.com\/wp-content\/uploads\/2022\/03\/bart.jpg\" alt=\"Bart\" width=\"768\" height=\"500\" \/><\/p>\n<p><em>Bart, Gr\u00fcnder von Equilac\u00ae, begann 1998 seine Stutenmilchfarm in Belgien.<\/em><\/p>\n<p>Bart wusste, dass er nur Menschen, die in der N\u00e4he der Farm leben, frische <a href=\"https:\/\/www.equilac.com\/de\/\">Stutenmilch<\/a> anbieten konnte, da frische Stutenmilch eine kurze Haltbarkeit von 3 Tagen hat.<\/p>\n<p>Er \u00fcberlegte, wie er sein Gesch\u00e4ft ausbauen und mehr Menschen Zugang zu Stutenmilch verschaffen k\u00f6nnte, damit auch sie von seinem einzigartigen Produkt profitieren k\u00f6nnen.<\/p>\n<p>Die Idee kam, Pulver aus roher Stutenmilch herzustellen, damit das Milchpulver l\u00e4nger haltbar ist, in Apotheken erh\u00e4ltlich ist und in andere L\u00e4nder exportiert wird.<\/p>\n<p>Nachdem er fast jeden belgischen Milchhersteller kontaktiert hatte, fand er eine Fabrik, die versuchen wollte, Stutenmilch in Milchpulver umzuwandeln.<\/p>\n<p>Der Test war erfolgreich und einige Monate sp\u00e4ter wurde Stutenmilchpulver in belgischen Reformh\u00e4usern unter dem Namen Equilac\u00ae erh\u00e4ltlich.<\/p>\n<p>Die Marke Equilac\u00ae stammt von den lateinischen W\u00f6rtern Equus (Pferd) und Lac (Milch).<\/p>\n<p>Barts Mutter war Apothekerin, was ihm die Einsicht gab, ein Nahrungserg\u00e4nzungsmittel auf der Basis von Stutenmilchpulver herzustellen.<\/p>\n<p>Die <a href=\"https:\/\/www.equilac.com\/de\/produkt\/stutenmilch-kapseln\/\">Kapseln<\/a> machten Stutenmilch im Vergleich zu Stutenmilchpulver noch zug\u00e4nglicher, da die Benutzer nur Kapseln schlucken mussten, anstatt das Pulver in Wasser zu mischen und zu trinken.<\/p>\n<p>Es war dann 1999 und Equilac\u00ae Kapseln wurden in belgischen Apotheken erh\u00e4ltlich.<\/p>\n<p>Im selben Jahr baute Bart zusammen mit seinem j\u00fcngeren Bruder Wim auch seine erste Website. Die erste Online-Bestellung aus den USA ging ein und dies war der Beginn der weltweiten Verf\u00fcgbarkeit von Equilac\u00ae, von der er zu Beginn seines Abenteuers getr\u00e4umt hatte. Jeder konnte jetzt von seinem Produkt profitieren.<\/p>\n<p>Im Laufe der Jahre wurde Equilac\u00ae in mehr L\u00e4ndern verf\u00fcgbar, und das Wachstum des Internets machte es mehr Menschen zug\u00e4nglich, die online nach Gesundheitsproblemen suchen.<\/p>\n<p>2009 er\u00f6ffnete er ein B\u00fcro im Chrysler Building in New York, um die internationale Expansion von Equilac\u00ae fortzusetzen.<\/p>\n","protected":false},"excerpt":{"rendered":"<p>Die Geschichte von Equilac\u00ae begann 1996 auf einer Pferdezuchtfarm in Belgien. Als der \u00e4lteste Sohn, Bart, eine belgische Fernsehsendung \u00fcber Stutenmilch und die gesundheitlichen Vorteile sah, beschloss er, die Schule zu verlassen, als er 18 Jahre alt wurde, um seine Stutenmilchfarm mit den Pferden seiner Eltern zu er\u00f6ffnen. Barts Familie ist Z\u00fcchter von belgischen Warmblut-Sportpferden, [&hellip;]<\/p>\n","protected":false},"author":1,"featured_media":1167,"parent":0,"menu_order":0,"comment_status":"closed","ping_status":"closed","template":"","meta":{"_uf_show_specific_survey":0,"_uf_disable_surveys":false,"footnotes":""},"categories":[],"tags":[],"class_list":["post-1390","page","type-page","status-publish","has-post-thumbnail","hentry"],"jetpack_sharing_enabled":true,"_links":{"self":[{"href":"https:\/\/www.equilac.com\/de\/wp-json\/wp\/v2\/pages\/1390","targetHints":{"allow":["GET"]}}],"collection":[{"href":"https:\/\/www.equilac.com\/de\/wp-json\/wp\/v2\/pages"}],"about":[{"href":"https:\/\/www.equilac.com\/de\/wp-json\/wp\/v2\/types\/page"}],"author":[{"embeddable":true,"href":"https:\/\/www.equilac.com\/de\/wp-json\/wp\/v2\/users\/1"}],"replies":[{"embeddable":true,"href":"https:\/\/www.equilac.com\/de\/wp-json\/wp\/v2\/comments?post=1390"}],"version-history":[{"count":1,"href":"https:\/\/www.equilac.com\/de\/wp-json\/wp\/v2\/pages\/1390\/revisions"}],"predecessor-version":[{"id":13463,"href":"https:\/\/www.equilac.com\/de\/wp-json\/wp\/v2\/pages\/1390\/revisions\/13463"}],"wp:featuredmedia":[{"embeddable":true,"href":"https:\/\/www.equilac.com\/de\/wp-json\/wp\/v2\/media\/1167"}],"wp:attachment":[{"href":"https:\/\/www.equilac.com\/de\/wp-json\/wp\/v2\/media?parent=1390"}],"wp:term":[{"taxonomy":"category","embeddable":true,"href":"https:\/\/www.equilac.com\/de\/wp-json\/wp\/v2\/categories?post=1390"},{"taxonomy":"post_tag","embeddable":true,"href":"https:\/\/www.equilac.com\/de\/wp-json\/wp\/v2\/tags?post=1390"}],"curies":[{"name":"wp","href":"https:\/\/api.w.org\/{rel}","templated":true}]}}

<p>Die Geschichte von Equilac® begann 1996 auf einer Pferdezuchtfarm in Belgien.</p>
<p>Als der älteste Sohn, Bart, eine belgische Fernsehsendung über Stutenmilch und die gesundheitlichen Vorteile sah, beschloss er, die Schule zu verlassen, als er 18 Jahre alt wurde, um seine Stutenmilchfarm mit den Pferden seiner Eltern zu eröffnen.</p>
<p>Barts Familie ist Züchter von belgischen Warmblut-Sportpferden, und in jungen Jahren ritt er mit den Pferden seiner Eltern in Springprüfungen.</p>
<p>Im Sommer 1998, wenige Tage nach dem Schulabschluss, begann er, Pferde zu melken und frische und gefrorene Stutenmilch an Freunde, Familienmitglieder und Menschen mit gesundheitlichen Problemen zu verkaufen, die in der Nähe der Farm lebten.</p>
<p>Bart wusste, dass er nur Menschen, die in der Nähe der Farm leben, frische <a href="https://www.equilac.com/de/stutenmilch/">Stutenmilch</a> anbieten konnte, da frische Stutenmilch eine kurze Haltbarkeit von 3 Tagen hat.</p>
<p>Er überlegte, wie er sein Geschäft ausbauen und mehr Menschen Zugang zu Stutenmilch verschaffen könnte, damit auch sie von seinem einzigartigen Produkt profitieren können.</p>
<p><img fetchpriority="high" decoding="async" src="http://www.equilac.com/wp-content/uploads/2022/03/bart.jpg" alt="Bart" width="768" height="500" /></p>
<p><em>Bart, Gründer von Equilac®, begann 1998 seine Stutenmilchfarm in Belgien.</em></p>
<p>Bart wusste, dass er nur Menschen, die in der Nähe der Farm leben, frische <a href="https://www.equilac.com/de/">Stutenmilch</a> anbieten konnte, da frische Stutenmilch eine kurze Haltbarkeit von 3 Tagen hat.</p>
<p>Er überlegte, wie er sein Geschäft ausbauen und mehr Menschen Zugang zu Stutenmilch verschaffen könnte, damit auch sie von seinem einzigartigen Produkt profitieren können.</p>
<p>Die Idee kam, Pulver aus roher Stutenmilch herzustellen, damit das Milchpulver länger haltbar ist, in Apotheken erhältlich ist und in andere Länder exportiert wird.</p>
<p>Nachdem er fast jeden belgischen Milchhersteller kontaktiert hatte, fand er eine Fabrik, die versuchen wollte, Stutenmilch in Milchpulver umzuwandeln.</p>
<p>Der Test war erfolgreich und einige Monate später wurde Stutenmilchpulver in belgischen Reformhäusern unter dem Namen Equilac® erhältlich.</p>
<p>Die Marke Equilac® stammt von den lateinischen Wörtern Equus (Pferd) und Lac (Milch).</p>
<p>Barts Mutter war Apothekerin, was ihm die Einsicht gab, ein Nahrungsergänzungsmittel auf der Basis von Stutenmilchpulver herzustellen.</p>
<p>Die <a href="https://www.equilac.com/de/produkt/stutenmilch-kapseln/">Kapseln</a> machten Stutenmilch im Vergleich zu Stutenmilchpulver noch zugänglicher, da die Benutzer nur Kapseln schlucken mussten, anstatt das Pulver in Wasser zu mischen und zu trinken.</p>
<p>Es war dann 1999 und Equilac® Kapseln wurden in belgischen Apotheken erhältlich.</p>
<p>Im selben Jahr baute Bart zusammen mit seinem jüngeren Bruder Wim auch seine erste Website. Die erste Online-Bestellung aus den USA ging ein und dies war der Beginn der weltweiten Verfügbarkeit von Equilac®, von der er zu Beginn seines Abenteuers geträumt hatte. Jeder konnte jetzt von seinem Produkt profitieren.</p>
<p>Im Laufe der Jahre wurde Equilac® in mehr Ländern verfügbar, und das Wachstum des Internets machte es mehr Menschen zugänglich, die online nach Gesundheitsproblemen suchen.</p>
<p>2009 eröffnete er ein Büro im Chrysler Building in New York, um die internationale Expansion von Equilac® fortzusetzen.</p>

<p>Die Geschichte von Equilac® begann 1996 auf einer Pferdezuchtfarm in Belgien. Als der älteste Sohn, Bart, eine belgische Fernsehsendung über Stutenmilch und die gesundheitlichen Vorteile sah, beschloss er, die Schule zu verlassen, als er 18 Jahre alt wurde, um seine Stutenmilchfarm mit den Pferden seiner Eltern zu eröffnen. Barts Familie ist Züchter von belgischen Warmblut-Sportpferden, [&hellip;]</p>
